**5 + 0*o**6 + 0*o. Let g(p) be the third derivative of d(p). Give g(-1).
9
Let g(b) be the third derivative of b**4/4 - b**3/6 + 5*b**2 + 2*b. Give g(-5).
-31
Let f(j) = -9*j**3 + 7*j**2 + 11*j + 7. Let r(a) = 11*a**3 - 7*a**2 - 13*a - 8. Let k(w) = 6*f(w) + 5*r(w). Give k(-7).
-5
Let p be 4/14 + 51/(-7). Let j(v) = -13*v**2 - 7*v + 12*v**2 - v - 2 - 1. Let y be j(p). Let z(k) = k**2 - 3*k - 2. Give z(y).
2
Let a(x) = -6*x**2 - x**3 - 2 - 9 - 3369*x + 3384*x. Calculate a(-8).
-3
Let d(x) = -12*x - 94. Let n be d(-8). Let q(g) = -g - 4. Calculate q(n).
-6
Let c be 2/4*(-2)/(-1). Suppose -10 = -2*a - 6. Let m(k) = -4 - 5*k**a + 3 + 0*k - 2*k**2 + 2*k. Give m(c).
-6
Let t(z) = z**2 + z - 3. Suppose -11*o = -16*o - 165. Let c = 33 + o. Determine t(c).
-3
Suppose -1 - 8 = 3*j. Let v(x) = -x + 2. Determine v(j).
5
Suppose 1 = 3*l - 5. Let a(j) be the second derivative of -4*j + 2/3*j**3 - j**2 + 0. Determine a(l).
6
Let b(p) = -18*p. Let c = -986 + 984. Determine b(c).
36
Let w(n) = 9 - n - 7*n + 8*n**2 - 5*n**2 + 6*n**2 - 8*n**2. What is w(10)?
29
Let w(o) = 16*o**2 + 16*o + 26. Let l(y) = -3*y**2 - 3*y - 5. Let u(f) = -11*l(f) - 2*w(f). Let m = 405 - 402. Calculate u(m).
15
Suppose -15 = -0*u + 3*u. Let p(i) be the second derivative of -7/6*i**3 + 0 - 1/12*i**4 - 11*i - 3/2*i**2. Determine p(u).
7
Let k(n) = -9*n + 39. Let c be k(4). Let h = -1 - -1. Let a(y) = -3*y - 4*y**2 + 4 + h + y**3 + 2*y**2. Determine a(c).
4
Let c(i) = 2*i**3 - 5*i**2 + 2*i + 1. Let p = -71 - -74. Give c(p).
16
Let g(y) = 5*y**3 + 21*y**2 - 15*y + 26. Let c(i) = -i**3 - 4*i**2 + 3*i - 5. Let d be (-1)/((-5)/8) + 4/10. Let a(f) = d*g(f) + 11*c(f). What is a(-3)?
-3
Let p(j) be the first derivative of j**3/6 - 3*j**2 - 13*j + 5. Let n(w) be the first derivative of p(w). Give n(-7).
-13
Let n(w) = 4*w + 5. Let q = 1 + -11. Let m be ((-5)/2)/((-5)/q). What is n(m)?
-15
Let o(d) = d + 4. Let u(x) = -17*x + 1. Let v be u(-2). Let z be -23*(-5)/v + 2/(-7). Determine o(z).
7
Suppose -6 = 17*x - 20*x. Let o(w) = -2*w - 47 + w**x + 47. Calculate o(6).
24
Let n(u) = -9*u - 101. Let x be n(-11). Let z(t) = -8*t**2 - 3*t - 1. Determine z(x).
-27
Let x(i) be the first derivative of -i**2 - 6*i + 1. Let u be (21/5)/(2/(-10)). Let r = u + 15. Calculate x(r).
6
Let n be 5 + (9 - (-16)/(-1)). Let y(u) = u**3 - 5*u - 7. What is y(n)?
-5
Let u(b) be the first derivative of b**6/360 + b**5/20 + b**4/8 - 8*b**3/3 - 18. Let r(q) be the third derivative of u(q). Let v be 2*(2 - 3) + -3. Give r(v).
-2
Let h(f) = f + 1. Let d(c) = -c - 1. Let m(q) = -7*d(q) - 6*h(q). Let z be m(7). Let s(l) = 8*l**2 + 7 + 7*l - 5*l**2 + 4*l**2 - l**3. Calculate s(z).
-1
Let d(c) = -c**3 - c**2 - 3*c - 13. Let u(m) = -m**3 - m - 1. Let x(f) = -d(f) + 2*u(f). Let h = 7 - 6. Let r be (h - (-1 - 1)) + -3. Calculate x(r).
11
Suppose 3*m - 5 = 1. Let w(n) = -8 - 5*n - m*n + 6 - n**2. Let y be w(-6). Let a(r) = -r**2 + r + 4. Calculate a(y).
-8
Let v = -8128 + 8123. Let q(y) be the first derivative of y**3/3 + 7*y**2/2 + 7*y + 1. Give q(v).
-3
Let t be (-5)/(-210)*7 - 35/(-6). Let p(q) = 2*q**2 + t + 8*q - 2*q**2 + 0 + q**2. Calculate p(-8).
6
Let k(v) = 6*v - 2. Let h(j) = 29*j - 1 - 22*j - 5*j. Let n(r) = r**2 - r - 3. Let s be n(5). Let p(q) = s*h(q) - 6*k(q). Calculate p(-4).
3
Let p(u) be the first derivative of 2*u**3/3 + u**2 - u + 1. Suppose -5*l = -0 + 20. Calculate p(l).
23
Let s(p) be the second derivative of -p**8/6720 + p**7/360 - 7*p**6/720 - p**5/15 - p**4 + 15*p. Let q(y) be the third derivative of s(y). Give q(6).
-14
Suppose -15*g - 78 = -2*g. Let l(m) = m**2. Let h(y) = 7*y**2 - 3. Let i(t) = g*l(t) + h(t). Let b be ((-12)/9)/((-1)/3). Determine i(b).
13
Let v be -1 + -5 + 1 + 1. Let k be (3/v)/((-7)/(-28)). Let y(q) be the first derivative of q**4/4 + 2*q**3/3 - 5*q**2/2 - 4*q + 6. Determine y(k).
2
Let l(n) = -17*n**2 - 13*n + 2. Let i(j) = 3*j**2 + j. Let w(u) = -6*i(u) - l(u). Determine w(6).
4
Let i(w) be the second derivative of w**5/20 - 4*w**4/3 - 3*w**3 + 6*w**2 - 83*w. Determine i(17).
-5
Let x = -4 - -6. Let i = 4 + x. Let f(p) = -7*p**2 + 1 - 29*p**3 - 11*p**3 + 6*p + 34*p**3 + 7*p**3. Determine f(i).
1
Let p(u) = u**2 + 7*u + 2. Let s be (48/20)/(-5*(-2)/(-25)). Calculate p(s).
-4
Let g(h) = h**3 - 4*h**2 + 2*h + 3. Let y = 249 - 246. Determine g(y).
0
Let d(h) = h + 3. Suppose -7*o - 4*j = -5*o - 72, 0 = 4*j - 12. Suppose 0 = -28*n + 34*n + o. Calculate d(n).
-2
Let z(g) be the second derivative of -g**3/2 + g**2/2 + 115*g. Give z(-2).
7
Let a(q) be the second derivative of 9/2*q**2 - 5*q + 1/12*q**4 + 4/3*q**3 + 0. Suppose 5*v + 36 = 6. What is a(v)?
-3
Let q(o) be the first derivative of 4*o**2 - 11*o - 2*o**2 - 8 - o**2 + 15*o. What is q(-4)?
-4
Let i = -15 - -22. Let d be 2/i - 276/84. Let r(k) = k + 4. What is r(d)?
1
Let g = -39 + 41. Let x(c) = -3 + 6 - 3 - c**g + 6*c + 4. Calculate x(5).
9
Let n(y) = y**2 - y - 3. Let c(d) be the first derivative of -d - 1. Let z(b) = -4*c(b) + n(b). What is z(1)?
1
Let c(w) = 11*w**3 + 32*w**2 - 27*w - 20. Let h(m) = -7*m**3 - 21*m**2 + 18*m + 13. Let t(d) = -5*c(d) - 8*h(d). Give t(-9).
-4
Let h(g) = -g**3 - 3*g**2 + 12*g - 5. Suppose -3*b + 8*b - 2*y + 32 = 0, -4*y = -4. Give h(b).
31
Let x = 15 + -15. Let w(t) = 28 - t**2 - 10 - 11. What is w(x)?
7
Let c(o) = o**3 + 3*o**2 - 2*o - 4. Let r be c(-3). Let d(u) = 7*u**r + 1 + 4*u - 6*u + 0*u. Calculate d(1).
6
Let p(f) = f**2 + 15*f + 17. Let m be p(-14). Let g(l) = 0 + 12*l + m - 1 - 16*l. Let c be 2/(-5) + 24/10. Give g(c).
-6
Suppose 0 = j + 3*j - 4. Let a(d) = -d**3 + d**2 + 2*d + 1. Let v(i) = -3*i**3 + 3*i**2 + 5*i + 3. Let h(t) = -8*a(t) + 3*v(t). Calculate h(j).
0
Let h be 1/(-4) - 21/(-4). Let i = h - 1. Suppose -i*z + z = 0. Let g(c) = -c**3 + c**2 - 1. Calculate g(z).
-1
Let u(j) = -j**2 + 0*j - 3*j**3 + 0*j + j**3 + j - 2 + 5*j**2. Calculate u(3).
-17
Suppose 11*i = 10*i - 1. Let g be (i*6 + -1)/1. Let s(u) = 14 - 5*u + 3*u + 3*u. Give s(g).
7
Let x(g) = -19*g**3 + g**2 + g. Let o(f) = -4 + 0*f + f + 12. Let q be o(-9). Determine x(q).
19
Suppose -3*l + 12 = l. Let b(j) = 0*j**l + 4*j**3 + 1 + j**3. Give b(-1).
-4
Suppose b + 0*b = -2. Let x(m) = m**3 - 1 - 95*m**2 + 97*m**2 + 2. Give x(b).
1
Let b(f) = -f**3 + 5*f**2 + 5*f + 8. Suppose -24 = -5*n + 6. Let r be b(n). Let u(g) = 0*g + r*g**2 + 1 - g**2 - 2*g + 0*g. What is u(-2)?
9
Let j(w) = 4*w**2 + 3*w - 1. Let b(k) = 16*k**2 + 6*k - 1. Let c(n) = -b(n) + 2*j(n). Suppose 0 - 3 = t. Let m be 5/t + (-4)/(-6). Calculate c(m).
-9
Let r(c) = 16*c**2 + c - 11. Suppose 6 = -2*t, 3*b + 6*t = 2*t - 18. Let v(l) = -7*l**2 + 5. Let n(p) = b*r(p) - 5*v(p). What is n(-2)?
13
Let o = -2141 + 2129. Let t(r) = r + 27. Determine t(o).
15
Suppose 25 = -5*f + 4*m, 10 = -3*f + f - 5*m. Let r(k) be the first derivative of -k**3/3 - 3*k**2/2 + 2*k + 117. Determine r(f).
-8
Let w(g) be the second derivative of 1/10*g**5 - 1/3*g**3 + 1/2*g**2 + 10*g + 0 - 1/12*g**4. What is w(2)?
9
Let h(b) = -b - 3. Let o(y) be the first derivative of -y**3 + y**2/2 - y + 38. Let n be o(1). What is h(n)?
0
Let s = -84 - -84. Let j(i) = 0*i**2 - 7 - 6*i + 18*i + i**2 + i**3 - 11*i. Give j(s).
-7
Let l(k) = k**3 - 10*k**2 + 7*k + 16. Let w(i) = i**3 + 14*i**2 - 51*i + 9. Let r be w(-17). What is l(r)?
-2
Let n be 5/(-5 + 10) - (-1 + -1). Let h(w) = 7*w**2 - 6 - w**n - 1 - 4 + 8 - 5*w. What is h(6)?
3
Let y(t) = -2 - 1113*t + 558*t + 551*t - 2*t**3 - 2*t**2 - t**2. Let g = 1 + -3. Determine y(g).
10
Let u(m) = m**2 - 2*m - 4. Suppose 0 = -0*f + f - 36. Let p be 3*4*12/f. What is u(p)?
4
Let c be 8/(-32) - 1/(-4). Suppose -2*h + h = -4*t + 68, c = -5*h. Suppose -2*y - 4*p + 10 = 0, 2*p - 6*p = -5*y - t. Let q(w) = -7*w - 1. What is q(y)?
6
Let x(a) = a + 2*a**2 - 7*a - 3 + a**3 + 0*a**2 + 3*a. Let r(k) = 2*k**3 - 1. Let n be r(-1). Determine x(n).
-3
Let m(o) = -4*o**3 - 14*o + 2. Let f(g) = -15*g**3 + 2*g**2 - 53*g + 9. Let r(u) = 3*f(u) - 11*m(u). Calculate r(5).
5
Let c(t) = t**2 + 6*t. Suppose 9*v - 35 = 14*v - 5*r, -29 = 5*v + r. Determine c(v).
0
Let z = 3 - 0. Let h(a) = -6 - 17*a**2 + 9*a**2 - 3*a - a**z + 13*a**2. Calculate h(5).
-21
Let q(c) be the second derivative of -c**6/24 + c**5/30 - c**4/12 + c**3/6 - 5*c**2/2 + 22*c. Let k(f) be the first derivative of